 39 + 342 = 0. Let r = t + 106. Suppose 4*d + v = 12616, 1804 - 14444 = -4*d + r*v. Is d a composite number?
True
Let y = 881 + -874. Suppose -y*t = -17*t + 120370. Is t a prime number?
True
Suppose 0 = 2*x + 7*x - 54. Let w be x/(-3) + 1 + -1032. Let v = 1647 + w. Is v a composite number?
True
Let x(t) be the first derivative of -249*t**2/2 - 29*t + 826. Let z be -1 + -13 + 0/2. Is x(z) a prime number?
True
Suppose 5*a + 10 = 0, -2*f + 361 + 8931 = -4*a. Suppose 66*d = 68*d - f. Is d a composite number?
True
Suppose -4*y - 119 = -2*v - 1311, -2*y + 596 = 2*v. Let k = y + -116. Let q = k - 49. Is q prime?
False
Suppose 28*z + 20844 = 156952. Is z prime?
True
Let x(l) = l + 33. Let g be x(-24). Let t(s) = 434*s - 113. Is t(g) composite?
False
Suppose 374 = 2*p + 5*u + 14718, -3*p - 5*u = 21516. Let h = -519 - p. Is h prime?
True
Is (-2720515)/399*1/1*-3 a prime number?
False
Suppose 360159 = 7*n - n - 948051. Is n a composite number?
True
Suppose 6*x = 4*x - 3*j - 7, 4*x + 4 = -4*j. Suppose -5*m - x*k = -5372 - 16597, m = 2*k + 4391. Is m prime?
False
Let p(h) = -9585*h**3 + h**2 - 2*h - 1. Is p(-1) prime?
True
Suppose -24 = -4*q + 24. Let u(n) = 3*n**3 - n**2 - 29*n + 13. Is u(q) prime?
False
Let h be ((-267)/9)/((21/(-9))/7). Suppose -h + 71 = -2*a. Suppose -a*k = -7246 - 9935. Is k a composite number?
True
Let a = 241 - 376. Let w be a - (-1 + (8 - 3)). Let o = w - -350. Is o a composite number?
False
Is (-554)/6094 + 4/(-22)*-3977 composite?
True
Let i(h) = 175*h**2 - 331*h + 665. Is i(2) a prime number?
False
Let g = 41306 + -27489. Is g prime?
False
Let f = 825510 - -97319. Is f a composite number?
True
Let v be -6*((-4)/18 + (-14)/18). Suppose -3*b + 2182 = r, -r + 4*b = -v*r + 10899. Is r a prime number?
True
Suppose p = -h + 2*h + 2, 0 = 5*p + 5*h + 10. Suppose -7*b + 3*b = 4*s - 8, -4*b = p. Suppose -3*m + 523 = 2*t - 462, 5*m + s*t - 1647 = 0. Is m prime?
True
Suppose r - 5*t = -3 - 4, 5*t = -4*r + 22. Suppose -11 = -o - 5*u + 393, -3*u = r. Is o prime?
True
Let d be 507/39 + -4*1. Let m(u) = 207*u - 106. Is m(d) composite?
True
Let r = 56 - 42. Let y(h) = -h**2 + 12*h + 34. Let w be y(r). Suppose -o - w*o = -1309. Is o composite?
True
Let k = -3870 - -144847. Is k a prime number?
True
Let f = -7822 + 17391. Let d = f + -6666. Is d composite?
False
Is (3831/(-3))/(-6 - (-10)/2*1) a prime number?
True
Is (-4 + 8 - 2)/(12/(-12136734)*-3) a prime number?
True
Suppose -6*b + 4 = 22. Let k be b + (292 - 8/(-2)). Suppose 21*n - k = 20*n. Is n composite?
False
Let w(u) = -u**3 + 14*u**2 - 23*u - 13. Let j be w(12). Is (232 - 105)*(j + 2*1) prime?
True
Let h(y) = 592*y**2 + 32*y + 67. Is h(-3) composite?
True
Let g(i) = 5155*i**2 + 73*i + 209. Is g(-3) a prime number?
False
Suppose 0 = 4*o - i - 4*i + 26, -10 = 3*o + i. Suppose 3*m + 12 = -w - 23, m = 2*w - 7. Is o/22 + (-244)/m a composite number?
True
Let d(n) = 224*n**3 - n**2 + 43*n + 44. Let t be d(-1). Let j be (-8)/20 + (-7654)/(-10). Let s = t + j. Is s composite?
False
Suppose -5*v = y - 222820, v = -44*y + 47*y + 44548. Is v a prime number?
True
Suppose 14 = -i + 17. Let r(h) = -2*h**3 - 36*h - 8 + 1 - 6 - 5*h**2 + i*h**3. Is r(17) a prime number?
True
Let u(h) = 124*h**2 + 119*h - 1652. Is u(33) prime?
False
Let w(n) = 11*n**2 + 271*n - 61. Is w(-25) composite?
True
Let a = 536343 - 237266. Is a composite?
True
Let f = -609 - -623. Suppose -3232 = -f*u + 6358. Is u a composite number?
True
Suppose 3*s + c = 13, -2*s + 5*s - 7 = -4*c. Suppose -s*d = 4*p - 5275, 4220 = 4*d + 6*p - 4*p. Is d prime?
False
Let r(f) = -42*f**2 - 39*f + 63. Let w be r(14). Is 2*(-5 - w/10) a composite number?
False
Let n(k) = -2*k**3 + 32*k**2 + 14*k - 2 - 39*k**2 + 7*k**3 + 0*k**3. Let a be n(6). Let t = -237 + a. Is t a prime number?
True
Let t(f) = -f. Let h be t(-3). Suppose 3*z + 20 = 5*m, h*z = -3*m - z - 17. Let q(g) = 222*g**3 + 2*g - 1. Is q(m) a composite number?
False
Suppose 99890 = -130*k + 139*k + 12797. Is k a composite number?
False
Is (94726/(-5))/(36/(-240) - (-5)/(-20)) composite?
False
Let k(h) = 331254*h + 167. Is k(4) a composite number?
False
Is (-15981339)/(-77) - -13 - (-1 + 24/28) a prime number?
True
Let x = -44026 + 121977. Is x a composite number?
False
Is ((-5)/(-15) + (-8)/6)/((-7)/5176829) a prime number?
False
Suppose -2*v + 5508 = 4*q, 0 = 3*q - 5*v - 3194 - 924. Suppose -b + 426 = y - 970, -3*b - q = -y. Is y a prime number?
False
Let q be (21/(210/(-4)))/((-1)/25). Suppose -q*y - 5510 = -54360. Is y a prime number?
False
Suppose -9*q + 314532 = -123471. Is q a composite number?
True
Let l(h) = 34841*h**2 - 86*h - 23. Is l(-4) a prime number?
False
Let y(p) = -251*p**2 + 12*p + 5. Let c(h) = -84*h**2 + 4*h + 2. Let u(s) = 8*c(s) - 3*y(s). Is u(2) composite?
False
Let x(r) = -2*r + 52. Let w(g) = -3*g + 74. Let a(h) = 5*w(h) - 7*x(h). Suppose -3*s = -z, -5*z - 2*s = -8 - 9. Is a(z) composite?
False
Suppose -2*q + 5*v - v = 4, -2*v = 2*q - 2. Suppose q = 3*r - 6743 - 9604. Is r prime?
True
Let c(y) be the second derivative of 8*y**3/3 + 25*y**2/2 - 14*y. Let o(g) = -15*g - 25. Let x(j) = -6*c(j) - 5*o(j). Is x(-10) a composite number?
True
Suppose -l = -6*l + 4*u - 6041, -3*l + u - 3626 = 0. Let y = l + 2887. Is y composite?
True
Suppose 0 = 2*a + 19 - 5. Let r(z) = -3*z**2 + 9 + 6*z**2 + 8*z**2 + 2*z**2 + 15*z. Is r(a) composite?
False
Is (0 - 1)*(-46 + 33 + -146164) composite?
True
Suppose -y + 3*g + 2719 = 0, 2*y = -4*g + 6795 - 1397. Is y a composite number?
False
Let k = -488 - -492. Suppose 5*l = k*m + 627, l - 4 = m + 121. Is l composite?
False
Suppose 2*m - 10 = 0, -3*m = -q - 6*m + 52. Is 20*q - (-75)/15 composite?
True
Let g = 4 + -36. Let i = g - -26. Is 2426*1*(-1 - i/4) a prime number?
True
Suppose -67*d + 1214847 = 5*v - 69*d, -v = 5*d - 242937. Is v a composite number?
True
Let f be (-4)/(-14) - 156/(-42). Suppose 3*r = 2*d + 20 - 5, 4*d - 4*r = -20. Suppose u - 2*u + 3883 = f*l, 3*u + 3 = d. Is l composite?
False
Suppose -5*n + 20360 = -1610. Suppose 13*w + n - 61347 = 0. Is w a prime number?
False
Suppose -295*g + 20 = -290*g. Suppose 8*v - 3*v + 20240 = 5*t, 16193 = g*t - 3*v. Is t a prime number?
True
Is ((-175 - 5) + -8)/(4/(-32)) - 5 a composite number?
False
Suppose 3*a + 4*s - 334727 = 0, a = -2*s + 133891 - 22316. Is a composite?
False
Suppose -b = -2*n + 5024, n - 79*b - 2521 = -74*b. Let u = 7570 - n. Is u a composite number?
False
Let v(y) = y**2 + 3*y + 2. Let f be v(-2). Suppose u - 5*u - 3*a + 19364 = f, 0 = a. Is u a prime number?
False
Let r(v) = v**3 + 8*v**2 - 12*v - 16. Let g be r(-9). Suppose 10218 = g*f - 5*f. Is f a composite number?
True
Let n = -177 + 198. Suppose 19*m - n*m = -14044. Is m composite?
True
Let l = -219934 + 482715. Is l a composite number?
False
Is (38/(-8) + 5)*(307505 + -21) prime?
True
Let r(p) = 465*p**3 + 2*p**2 - p + 4. Let b be r(2). Suppose -10*k = -0*k - b. Let v = 70 + k. Is v prime?
True
Let m(v) be the second derivative of -3*v**5/20 - v**4/3 - 13*v**3/6 - 5*v**2/2 - 260*v. Let s = 1 + -6. Is m(s) a prime number?
False
Let h be -2 - (-3 + 1)*62/4. Suppose 9*y - h*y + 46660 = 0. Is y prime?
True
Let u = -26 - -30. Suppose 5*c = -p + 13, 0 = -3*p - 3*c + 11 + u. Suppose p*y + 175 = 1936. Is y prime?
True
Let s be (0 + (-134)/(-3))*(2 + 13). Let d = s - 57. Let g = -306 + d. Is g composite?
False
Is 4/14 - 6259119/(-959) a prime number?
False
Let r(m) = -2*m**3 - 12*m**2 - 13*m - 13. Let s be r(-5). Suppose -c + 3*i + 7594 = -2576, -s*c + 20329 = 5*i. Is c composite?
True
Let n = -1161 - -3282. Let i = -98 - -104. Suppose 0 = 3*l + 4*g - 106 - n, i = -3*g. Is l prime?
False
Let k(w) = -2*w**3 + 11*w**2 + 11*w - 21. Let h be k(6). Let c = h - 6. Suppose -c*l + l = -638. Is l composite?
True
Suppose -n - 2*n + 252 = 5*y, -y = -3*n - 54. Suppose -y*s + 55*s = -8. Is (-3 + (-15)/9)*267/s composite?
True
Let g = 40 + -38. Let o be g + (-2 - (3 + 0)). Is ((-1)/o)/((-1)/(-435 - 0)) prime?
False
Suppose -3*b + 9568 = 844. Let u = 6 - 3. Suppose -3*c = c - 3*i - 2321, u*i = -5*c + b. Is c prime?
False
Is (3744856/(-40))/((-31)/155) a prime number?
True
Suppose 3*i = -5*t + 525080, 5*i - 71900 - 138132 = -2*t. Suppose 10*z = 6*z + t. Suppose 0*j - j - z = -4*n, 19691 = 3*n - j. Is n a prime number?
True
Let d(b) 